503 a prime number?
True
Is 4977317 a prime number?
True
Is 314184245 a composite number?
True
Is 74527211 a composite number?
True
Is 169459071 a prime number?
False
Is 1153681 prime?
True
Is 1094407 composite?
False
Is 11984821 a prime number?
False
Is 2621923 composite?
False
Is 3275471 composite?
False
Is 1263535318 prime?
False
Is 1158187 prime?
True
Is 15984139 prime?
True
Is 15395257 a prime number?
False
Is 62438809 a prime number?
True
Is 18497599 prime?
True
Is 28824403 composite?
False
Is 739903 a prime number?
False
Is 128261071 prime?
True
Is 86795407 a prime number?
True
Is 24501 a prime number?
False
Is 88248449 composite?
False
Is 233004493 a prime number?
False
Is 3211795 a prime number?
False
Is 22551149 composite?
False
Is 165383009 a prime number?
False
Is 19404659 prime?
True
Is 4143617 a prime number?
True
Is 3498613 a prime number?
True
Is 14912503 composite?
False
Is 141120101 composite?
False
Is 28392583 a prime number?
False
Is 4450811 a prime number?
True
Is 3707987 a prime number?
True
Is 3941859 a prime number?
False
Is 1347887 composite?
True
Is 1229227 a composite number?
False
Is 25841677 prime?
False
Is 73419505 a prime number?
False
Is 156565705 a composite number?
True
Is 6653071 composite?
True
Is 695249 prime?
False
Is 32167493 composite?
True
Is 594499 composite?
False
Is 6186031 a prime number?
False
Is 335031127 prime?
False
Is 13930649 composite?
False
Is 7715509 a composite number?
True
Is 6611529 prime?
False
Is 242692903 prime?
False
Is 12308027 a prime number?
True
Is 2716379 a composite number?
True
Is 948697 a composite number?
True
Is 634367 a composite number?
False
Is 119534263 composite?
True
Is 45829645 composite?
True
Is 1720687 composite?
True
Is 6791287 a composite number?
False
Is 237053 a prime number?
True
Is 610319 a prime number?
False
Is 580159 composite?
True
Is 249490867 a prime number?
False
Is 41823487 composite?
True
Is 181193893 prime?
True
Is 1498961 prime?
True
Is 2384197 composite?
False
Is 2319883 a composite number?
False
Is 36403927 prime?
False
Is 1523453 composite?
False
Is 28227649 prime?
True
Is 12153397 prime?
True
Is 26216989 a prime number?
False
Is 16482761 prime?
True
Is 235652743 a prime number?
True
Is 9315101 a composite number?
False
Is 238967 composite?
False
Is 14350333 composite?
True
Is 10523173 prime?
True
Is 36255797 a composite number?
True
Is 3032963 prime?
True
Is 75842251 a prime number?
False
Is 183371 composite?
True
Is 1392401 a composite number?
True
Is 925280249 a prime number?
True
Is 278366693 a prime number?
False
Is 10936193 composite?
False
Is 2576459 a composite number?
False
Is 1451803 a prime number?
False
Is 28297957 a composite number?
False
Is 6739847 a prime number?
False
Is 3332429 composite?
True
Is 184166447 a composite number?
False
Is 19121329 composite?
False
Is 77761 a prime number?
True
Is 14204629 a prime number?
True
Is 6940915 a composite number?
True
Is 16327547 prime?
False
Is 219428021 a prime number?
False
Is 4780613 prime?
False
Is 17052487 a prime number?
True
Is 44001131 a composite number?
True
Is 12702827 a composite number?
False
Is 2272843 a composite number?
False
Is 34224811 composite?
False
Is 92520931 composite?
False
Is 54789713 a prime number?
False
Is 202049 prime?
True
Is 3697861 prime?
False
Is 353357 a prime number?
False
Is 473719 a prime number?
True
Is 1073411353 prime?
False
Is 25191905 composite?
True
Is 140053 composite?
False
Is 77432587 a prime number?
True
Is 128423059 a composite number?
False
Is 11068991 prime?
True
Is 51937681 composite?
True
Is 18918554 prime?
False
Is 121048295 prime?
False
Is 195586757 a prime number?
True
Is 932786633 a prime number?
False
Is 368438459 prime?
False
Is 11375207 a prime number?
False
Is 11858677 a prime number?
False
Is 66593698 composite?
True
Is 12293453 prime?
False
Is 36214195 a prime number?
False
Is 33606623 prime?
True
Is 4450151 prime?
True
Is 728627 a composite number?
False
Is 24498321 a prime number?
False
Is 95142143 a composite number?
False
Is 14567897 prime?
False
Is 19134271 a composite number?
True
Is 15707047 a prime number?
True
Is 13046647 composite?
True
Is 53641895 prime?
False
Is 2174892311 prime?
True
Is 133487777 a composite number?
True
Is 1104791 prime?
True
Is 455045 prime?
False
Is 83816701 a prime number?
True
Is 18108841 a prime number?
True
Is 9871595 prime?
False
Is 1196471 a composite number?
False
Is 73002527 prime?
False
Is 271738903 a prime number?
False
Is 3225623 composite?
True
Is 9320929 composite?
True
Is 16164413 prime?
False
Is 13511 prime?
False
Is 89726141 composite?
False
Is 1703657 prime?
False
Is 44382823 composite?
False
Is 50240407 a composite number?
True
Is 65161147 composite?
True
Is 61140707 a prime number?
False
Is 631387 composite?
False
Is 10850113 composite?
True
Is 76421161 composite?
False
Is 208533211 a composite number?
False
Is 9789121 composite?
False
Is 12845137 a composite number?
False
Is 2441107 a prime number?
True
Is 8297021 prime?
False
Is 31184807 a prime number?
False
Is 5123777 a prime number?
True
Is 3206993 prime?
True
Is 7520917 a prime number?
False
Is 75572617 composite?
False
Is 319727 a composite number?
False
Is 1791449 a composite number?
True
Is 3358423 a composite number?
False
Is 49662311 prime?
True
Is 19875003 a composite number?
True
Is 63820789 a composite number?
True
Is 61504891 composite?
True
Is 3638473 a prime number?
True
Is 78642211 a composite number?
False
Is 11278063 a composite number?
True
Is 160062797 a composite number?
False
Is 8830663 a composite number?
False
Is 2384681 composite?
True
Is 22140805 a composite number?
True
Is 755959 a composite number?
False
Is 26351107 prime?
False
Is 1169873 prime?
True
Is 27279209 composite?
True
Is 12570029 a composite number?
True
Is 1777169 prime?
True
Is 4527979 a prime number?
True
Is 51157555 a composite number?
True
Is 298990577 prime?
False
Is 3802399 prime?
False
Is 723643 prime?
False
Is 1276481 a prime number?
True
Is 122519557 prime?
True
Is 132313 a composite number?
False
Is 100775819 composite?
False
Is 27847181 a composite number?
True
Is 41332611 a composite number?
True
Is 512679077 prime?
False
Is 5119419 a prime number?
False
Is 372107 prime?
True
Is 827899 prime?
True
Is 27428827 prime?
True
Is 3996791 a prime number?
True
Is 5918021 prime?
True
Is 27950887 composite?
False
Is 286983061 prime?
False
Is 18676337 a composite number?
True
Is 30361301 composite?
False
Is 80896993 prime?
False
Is 513381151 composite?
False
Is 1116337 a composite number?
False
Is 56697 a prime number?
False
Is 10989703 prime?
False
Is 59942845 a composite number?
True
Is 13741031 composite?
False
Is 5603851 prime?
False
Is 49144279 prime?
False
Is 6034703 a composite number?
False
Is 20413517 a prime number?
False
Is 123541673 a prime number?
False
Is 10453361 composite?
True
Is 9526397 prime?
False
Is 139088581 a prime number?
False
Is 7676359 a composite number?
False
Is 158342683 a prime number?
True
Is 4626523 prime?
False
Is 6499811 prime?
False
Is 8882297 a prime number?
True
Is 34959889 composite?
True
Is 3258083 composite?
True
Is 126911573 composite?
False
Is 795611 composite?
True
Is 77337713 composite?
False
Is 41787587 prime?
False
Is 651953 prime?
False
Is 1390107891 a composite number?
True
Is 5156699 prime?
False
Is 3788779 a composite number?
False
Is 77125031 a composite number?
False
Is 1026979 composite?
False
Is 25822033 composite?
False
Is 165595693 a prime number?
True
Is 7311331 prime?
False
Is 26825341 prime?
True
Is 135640657 a composite number?
False
Is 1583629 a composite number?
False
Is 16393607 a composite number?
True
Is 9055259 a composite number?
False
Is 51677531 prime?
False
Is 5750561 a composite number?
False
Is 9821485 a composite number?
True
Is 194559119 composite?
False
Is 168214519 composite?
True
Is 42320029 prime?
True
Is 2339801 prime?
False
Is 335062501 composite?
False
Is 16840231 composite?
False
Is 14666471 prime?
True
Is 719101 a composite number?
False
Is 5052409 prime?
False
Is 14499167 a composite number?
False
Is 8724979 a prime number?
False
Is 4133153 a prime number?
False
Is 8991893 a prime number?
True
Is 12388381 prime?
True
Is 12344491 a composite num